4*p = i - 167, 3*p + 4*i - 61 = 74. Suppose -q + 51 = 5*l + 1, -w*l = q - p. What is the greatest common divisor of l and 9?
9
Let q = -23 + 33. Calculate the greatest common divisor of 5 and q.
5
Let h = -30 - -54. Suppose 0 = 2*d - 3*v - 42, -v - 80 = -4*d + 4*v. Let k = -7 + d. Calculate the greatest common divisor of h and k.
8
Suppose -5*h - 5*z + 295 = 0, 2*z = h - 0*h - 44. What is the greatest common divisor of h and 6?
6
Let j = 4 + -2. Suppose a - 4*y = -2*a - 10, 2*y = 4*a. Calculate the highest common divisor of j and a.
2
Suppose 4*t = 2*n - 5 + 73, 0 = -3*t + n + 52. What is the highest common divisor of 4 and t?
2
Let c be -1 + -2*(-2 + -4). Let i(u) = 41*u - 2. Let y be 2/(2 + 0)*3. Let w be i(y). Calculate the highest common divisor of c and w.
11
Suppose 0 = -u - 2*y + 55, -3*u + 264 = u - 3*y. What is the highest common divisor of 18 and u?
9
Suppose -5*n + 50 = 3*r - 5*r, 0 = -n + 5*r + 33. What is the highest common factor of n and 56?
8
Let g(s) = -2*s - 7. Let r be g(-5). Suppose -r*y + y = -44. What is the highest common factor of y and 198?
22
Let f = -123 - -249. Let z be 2*1 - (-1 + 1). Suppose -r = 5*a - 9, z*r + 2*r - 3*a = 59. What is the highest common divisor of r and f?
14
Let r be 11/(-4) + (-2)/8. Let f = r - -8. Suppose 3*z - f*b = 202 + 3, 0 = 2*z + 2*b - 126. What is the highest common divisor of z and 13?
13
Suppose 2*b - 2*z = 260, 2*b + 5*z - 390 = -b. What is the highest common factor of b and 26?
26
Suppose 0 = -q - 0*q + c + 24, 3*c = 4*q - 96. What is the highest common divisor of 3 and q?
3
Suppose -2*w = 3*m - 3*w - 284, -2*w = 5*m - 488. Suppose 4*v + 96 = j + 3*j, -4*j - 4*v + m = 0. Calculate the highest common factor of j and 3.
3
Suppose -3*p + 4*y + 57 = 0, y + 8 = 4*p - 81. Let a = p - 6. Suppose 5 = -2*m + a. What is the highest common divisor of 54 and m?
6
Let o(l) = 3*l**2 + l + 2. Let v be o(2). Let z = -3 + 4. Let h = z - -3. What is the greatest common factor of h and v?
4
Suppose -y - 4 = -15. Let l(q) = q**3 - 6*q**2 - 11*q + 4. Suppose -2*f + 14 = -2. Let a be l(f). Calculate the highest common divisor of y and a.
11
Suppose 3*t = 8*t - 90. What is the highest common divisor of t and 9?
9
Let f be 0/(-2) - (-3 - 1). Suppose 24 = -f*s + 492. Calculate the highest common factor of 13 and s.
13
Suppose 6*n - n - 270 = 0. Let i(f) = f**3 - 6*f**2 + 6*f. Let d be (-2)/4*-2*6. Let k be i(d). Calculate the highest common divisor of k and n.
18
Let k(x) = -x - 1. Let l be k(-7). Let m(a) be the third derivative of a**4/8 - 2*a**3 - 2*a**2. Let o be m(8). Calculate the highest common divisor of o and l.
6
Let r be -5*(3/5 - 3). What is the highest common divisor of r and 60?
12
Let s(j) = 3*j. Suppose 2*r + 4 = 6*r. Let m be s(r). Let u be (-8 - -2)/(-1)*1. What is the greatest common divisor of u and m?
3
Suppose -79 + 103 = 2*k. What is the highest common factor of 108 and k?
12
Let o(x) = x**3 + 19*x**2 + 17*x - 8. Let j be o(-18). Calculate the highest common factor of j and 25.
5
Let c = 15 + -2. What is the greatest common divisor of c and 39?
13
Let l(x) = x**3 + 7*x**2 + 9*x + 10. Let h be l(-5). Let j = -1 + h. Suppose 4 = -s - 0*c - 3*c, -4*c - 8 = 0. Calculate the greatest common divisor of s and j.
2
Let k = 18 - 16. Calculate the highest common divisor of 2 and k.
2
Let h(p) be the first derivative of -2*p**2 + 2*p - 1. Let i be h(-2). Calculate the greatest common divisor of 4 and i.
2
Let x be 4*(-2)/(-2)*(-29 - -35). Suppose -3 = -3*h + 2*h. Suppose 3*r + 3*z - h = 0, -3*z - 6 = -0. What is the highest common factor of r and x?
3
Let n(c) = -c**2 - 10*c - 12. Let r be n(-9). Let m be 16 + -2 + (r - -1). Suppose f - 37 = 23. Calculate the greatest common divisor of f and m.
12
Suppose -3*y = -5*v + 344, 2*y = 2*v + 3*v - 346. Suppose 43*g - 39*g - 40 = 0. What is the highest common factor of g and v?
10
Let o(h) = h**2 - h - 1. Let y be o(-1). Let z be (-3)/9*(-24 + 3). What is the highest common factor of z and y?
1
Let r = -16 + 17. Calculate the greatest common divisor of r and 3.
1
Suppose 0 = 2*g - 4*g + 32. Let x = 171 - 139. Calculate the highest common factor of x and g.
16
Let u(h) be the third derivative of -h**6/120 - 11*h**5/60 - 7*h**4/12 - 2*h**3 - 2*h**2. Let v be u(-10). What is the highest common divisor of 70 and v?
14
Suppose i - 5*i = -2*o, -5 = 3*o - 5*i. Let v = o - -17. Calculate the greatest common divisor of 77 and v.
7
Let s(k) = k - 1. Let u be s(3). Let n be ((-15)/(-2))/(u/8). Calculate the greatest common factor of 12 and n.
6
Suppose -23 = -2*u - k, 3*u - 9 - 28 = -4*k. What is the greatest common factor of u and 11?
11
Let r = -43 - -79. Suppose -8 = 5*c - 7*c. What is the greatest common divisor of c and r?
4
Suppose 2*o + 18 + 3 = 3*c, 0 = -5*o. What is the greatest common divisor of c and 77?
7
Let o = 540 - 254. Calculate the greatest common divisor of o and 26.
26
Let u be (1 + 0)/(4/52). Let n(x) = x + u*x**3 - x**3 - 4 + 3. Let t be n(1). What is the greatest common divisor of t and 60?
12
Suppose -1 = 3*p + d - 45, -4*p + 3*d = -37. Suppose 3*m = 9, -3*n + 0*m + 5*m = -24. What is the greatest common divisor of p and n?
13
Let u = -58 + 59. Let h(n) = -4*n**3 - n. Let p be h(-1). Calculate the greatest common factor of p and u.
1
Let r = 3 + -4. Let l(f) = 9*f**2 + 1. Let a be l(r). Let k be (-5)/a + 178/4. Calculate the greatest common divisor of k and 4.
4
Suppose -44*m = -45*m + 78. What is the greatest common factor of 6 and m?
6
Let m(p) = -p + 12. Let f be m(-11). Calculate the greatest common factor of 23 and f.
23
Let c(z) = 4*z**2 + 6*z + 10. Let l be c(-5). What is the highest common divisor of 16 and l?
16
Suppose -2*j = -5*v + 13, 0*j + 5*j = 5*v - 10. Suppose 0 = v*x - 2*x - 5. Let w = 8 - 3. What is the highest common factor of w and x?
5
Let j(p) = -11*p - 1. Suppose 0 = -3*x + a - 1 - 6, 0 = 2*x + a + 3. Let f be j(x). Calculate the greatest common divisor of f and 105.
21
Let j = 24 - 5. Calculate the greatest common factor of 19 and j.
19
Let f be (-1)/(-3) - (-5095)/15. Let w be 0/(-1*(2 - 0)). Suppose -5*d + 2*b + f = w, 2*d - 2*b + 3*b = 127. What is the greatest common factor of d and 11?
11
Let g be (-36)/30*(-100)/3. Let d = 23 + -7. What is the greatest common factor of g and d?
8
Let z(d) = 7*d + 6. Let m be z(4). Suppose 79 = c + 28. What is the greatest common divisor of c and m?
17
Let m be -3*(3/(-9) + -1). Suppose -m*w + 5*r + 5 - 1 = 0, 0 = -5*w - 3*r + 42. Suppose -1 = 4*v - 25. Calculate the highest common divisor of v and w.
6
Suppose -h + m = -m - 6, 3*h + 2*m - 10 = 0. What is the highest common divisor of 92 and h?
4
Suppose -3*l - 56 = 82. Let u = -14 - l. Calculate the highest common factor of u and 8.
8
Suppose -3*l - 130 = 2*l. Let x be ((-4)/(-8)*l)/(-1). Calculate the greatest common divisor of 117 and x.
13
Let q(w) = 2*w**2 + 2*w - 12. Let m be q(5). Suppose -m = -9*n + 5*n. Calculate the greatest common factor of 3 and n.
3
Suppose -24*t + 268 = -2132. Suppose -2*v - 44 = -5*j, -3*v + 39 = 2*j + j. Calculate the highest common factor of t and j.
10
Let n be ((-3)/4)/(5/(-60)). Let b be -1*(-2)/(4/(-6)). Let x be (1/(-2))/(b/36). Calculate the greatest common factor of n and x.
3
Suppose -345 = 5*d + 2*g - 1117, 0 = -d + g + 153. What is the highest common divisor of d and 44?
22
Suppose 5*u - 142 = 158. What is the highest common factor of u and 24?
12
Suppose -2*w - 2*a - 34 = 3*a, -4*w - 40 = 3*a. Let n(b) = -b + 8. Let y be n(w). What is the greatest common factor of y and 105?
15
Let h = 127 + -88. What is the greatest common factor of 13 and h?
13
Suppose 6*i = 4*i + 72. Suppose 0 = -3*l + 5*w + 51, -5*l + l = -2*w - 54. Calculate the highest common factor of l and i.
12
Let q be 4 + (0 - -11 - (-21)/7). Calculate the greatest common divisor of q and 144.
18
Let u be -1 - (0 - (-4 + 26)). Calculate the highest common divisor of u and 105.
21
Let w(u) = 5*u**2 + 2. Suppose 2*n - 4*i + i = 16, -5*i = 10. Let o be n/((-5)/2) + 0. Let b be w(o). What is the highest common factor of 66 and b?
22
Let o be -117*(6/9)/(-2). Suppose 0 = 2*m + 2*m - 228. Suppose v = o + m. Calculate the greatest common divisor of 12 and v.
12
Let w(f) = -f**3 - 14*f**2 - 17*f - 26. Let q be w(-13). What is